alculate 38 + ((0 - (-10 + 5)) + -4 - 10).
29
(3 - 6) + 18 + -11 - -6
10
Calculate 13 + -7 + 10 - -9.
25
-10 - (-30 - (-8 - -6)) - 6
12
What is 25 - (-27 - -8 - -76)?
-32
Evaluate (-1 + 6 - (102 + -96)) + 7 + 1.
7
What is the value of 17 + -47 + -31 + 47?
-14
What is -189 - -188 - (-3 + 3 + 0)?
-1
What is the value of 12 - (14 + 2 - (51 - 39))?
8
What is 22 + (1 - 2) - (-1 - -2) - 3?
17
Evaluate 11 - (-8 + 15) - 13 - -18.
9
What is 16 + 6 + -32 + 6 - (-1 + -5)?
2
What is 5 + (-15 - -43) + -10?
23
What is 4 + -2 + 4 + (-27 - -32)?
11
What is the value of 1 + 2 + 546 + -553?
-4
Calculate (-5 - (-14 + 5 - 0)) + 0 + -12.
-8
What is the value of (6 - (16 + -6)) + 0 - -33?
29
Evaluate 2 + 0 - (-27 - -22) - (9 + 1).
-3
What is the value of (-2 - 0 - -2 - 0 - 3) + -8?
-11
Evaluate -9 + (-17 - -21) - 0.
-5
What is the value of -1 + 0 - (-28 - -48) - (2 - 10)?
-13
-28 - -21 - (-5 + 14) - (1 - -11)
-28
Calculate 23 + (-21 - 2) + 9.
9
Calculate -5 + (1 - (0 + -3)) + -2 - 3.
-6
31 + (-26 - 16) - (0 + -11)
0
Calculate 33 + (34 - 71) - -31.
27
Calculate -35 - (-29 + -69 + 33).
30
Evaluate -7 + (4 - 1) - (-54 + 64).
-14
Calculate (-2 - -2) + -6 - (36 - 44) - -2.
4
-11 + (-6 - 2 - -13 - -16)
10
-9 + (-16 + 17 - (1 + -1 + 3))
-11
What is the value of 6 + 3 + -7 + (2 - 2) + -11?
-9
Calculate -1 + -9 + 195 + -171.
14
What is the value of -24 - (32 + -14 - 10) - -7?
-25
What is the value of (2 - 4) + -2 - ((-7 - -4) + -2)?
1
What is -11 + -3 + (-7 - 1) + -110 + 127?
-5
Calculate (452 - 454) + 2 + 2.
2
Evaluate 40 - (70 - 42) - -21.
33
What is the value of 6 - (24 - 26 - (-6 + 2))?
4
Calculate (25 - 32) + (-29 - -19).
-17
What is 1 - (6 + (-4 - 8) - -15 - 8)?
0
What is the value of 9 - ((-23 - -10) + 24 - 18)?
16
(1 - 14) + 19 + -20 - 2 - -5
-11
What is -7 - ((-3 - -5 - 4) + 1)?
-6
What is the value of (5 + 1 - 8) + (0 - (10 + -1))?
-11
Calculate (-2 - -1 - -13) + -77 + 52.
-13
25 + -24 + 30 - 21
10
What is the value of -4 + 5 + 1 + 3 - (-8 - 5)?
18
What is -2 - -6 - (4 - 15 - (-3 + -2))?
10
What is -3 - (-9 + (-3 - (-8 - -8) - 4))?
13
Calculate 20 + -4 + -30 + 17.
3
Calculate 25 - (32 + (-12 - 7)).
12
Calculate -1 + 1 - (1 + -1) - 3.
-3
Evaluate -3 + (7 - 5) + (5 - 10) + 4.
-2
Evaluate (6 - 8) + (3 - 5) + -4.
-8
What is the value of (10 - -2 - 16) + 0?
-4
What is the value of (26 - 32 - (-1 + 3)) + (-4 - -31)?
19
Evaluate (0 - 17) + 35 - 25.
-7
Evaluate 0 - (-23 + (-35 - -86)).
-28
Calculate 3 - 3 - ((-7 - -5) + -2).
4
Evaluate 1 - 30 - -5 - (9 + 16 + -16).
-33
What is (7 - (-9 + 4) - -6) + 10 + -1?
27
What is the value of -14 + (-4 - (14 + -21))?
-11
Calculate -1 - 27 - (-67 + 38 - (-17 - 2)).
-18
Evaluate 1 + -25 - (-600 + 574).
2
-2 - 2 - (-669 - -639)
26
Evaluate -6 + -14 + (8 - 8) + -4 - -3.
-21
Calculate -35 - (-42 - (-71 - -42)).
-22
What is (-22 + 28 - (-1 - (3 - 4))) + -11?
-5
-33 + 65 - (32 - 14)
14
Calculate (-2 - 2) + (-16 - -13) + 5.
-2
What is -28 - ((-26 - (-3 - 3)) + 9)?
-17
Evaluate (28 - -7) + -35 + -26.
-26
Calculate (16 - (-3 + 14)) + -2.
3
Calculate (4 - 10) + -8 - -12.
-2
Calculate -27 + 11 - -5 - -22.
11
What is the value of (-5 - (-13 - -2)) + 2 - 29?
-21
What is -1 - 14 - (217 + -219)?
-13
Evaluate 1 + (-2 - 1) + (-2 - (2 - 26)).
20
What is the value of 0 + -3 + -1 + 7 + -20 + 22?
5
What is (-11 - -18) + -14 + 10 + -9 + 2?
-4
31 - (-2 + -38 + 33)
38
Calculate -7 + (2 - (4 + -6) - (-10 - -14)).
-7
What is the value of 3 + (7 - (10 + -2))?
2
-2 + -52 - (9 + -12 + -12)
-39
Calculate 5 + (-5 - ((21 - -7 - 6) + -6)).
-16
What is the value of 1 - 3 - (12 - 7)?
-7
Evaluate -8 - (-26 - -7) - -20.
31
21 + -10 + -28 + 12
-5
Evaluate -11 + 9 + (-21 - -22).
-1
Calculate -1 + -2 + -32 + 45.
10
What is the value of -3 + (14 + -29 + 9 + 0 - 5)?
-14
Calculate ((0 - -8) + -10 - 2) + -1 - -16.
11
What is 38 - -35 - 66 - (8 + (0 - -1))?
-2
Evaluate -1 + 3 + (0 - 16 - -6).
-8
What is (0 - -7) + (220 - 230)?
-3
What is (21 + -14 - -1 - 5) + (-2 - 9)?
-8
Evaluate -2 - (40 - 19 - 22 - (0 + 2)).
1
Evaluate (39 - 19) + (0 - 15).
5
Calculate -20 + -14 + 37 - 22.
-19
Evaluate -3 + ((0 - -2) + -4 + 8 - 14).
-11
What is 31 - 21 - (-3 + 0 + 11) - 15?
-13
Evaluate -1 - 57 - (531 - 570).
-19
Calculate -10 + (13 - (21 - 8 - 13)).
3
What is the value of (-6 - 1) + -32 + 14 + 21?
-4
Calculate -19 + (1 - (11 + -19)).
-10
Calculate (6 - -1 - 4) + 6.
9
Calculate -25 - (8 + 2 + (0 - 9 - -6)).
-32
Calculate 43 + -34 - (6 - (-6 + 11 + -6)).
2
What is the value of 6 + 1 + -11 + 10 - 11?
-5
Evaluate -1 + 60 + -33 + -12 + 3.
17
What is the value of -31 + 0 - -59 - -1?
29
What is 0 + -2 + 7 + (-12 - (-5 + -1))?
-1
-11 - (-12 + 15) - (-6 - (-1 + 1))
-8
What is the value of -4 + -4 + (6 - (-8 + 7))?
-1
Calculate -6 + 13 - 0 - (35 - 9 - 3).
-16
Calculate 3 + -8 - (-26 + (14 - 4)).
11
What is -15 + (-16 - -16 - 5 - (1 - 10))?
-11
Calculate (2 + -2 - -13) + -206 + 199.
6
What is the value of (-4 - 1) + 8 - 1 - (-102 - -121)?
-17
Evaluate (-9 - -1) + (28 - 21).
-1
Calculate (84 - 41) + -15 + 1 + -11.
18
Evaluate 3 - (1 + (-3 - 2)) - 2.
5
(768 - 763) + (-5 - (0 + -1))
1
What is (-10 - -4) + -15 + 4 + 11?
-6
What is 16 + -2 + (15 - 20) - 12?
-3
Evaluate 11 + -1 + (22 + -33 - -15).
14
What is the value of (-18 - -8) + (20 - (0 + 5))?
5
Calculate -3 + 1 + 19 + -260 + 251.
8
Calculate (-330 - -369 - (-1 + 12)) + -3.
25
-6 + (-2 - -1) + 193 + -181
5
Evaluate (-38 - 28) + 54 + -1 + -19.
-32
0 + -5 - (-75 - -61 - (13 + -9))
13
Evaluate 16 + 19 + (-11 - 0).
24
What is 7 + (1 - 16) - -7?
-1
What is -1 + 0 + 4 + (-21 - -7)?
-11
What is the value of 2 + (5 - 1) + 10?
16
What is the value of (1 - (-10 + 3) - -1) + -10?
-1
Calculate 8 + -3 + (5 - 7) + 7.
10
What is the value of 27 + (-1 + -4 - (12 - (22 + -11)))?
21
Evaluate -16 + 5 + 8 + -8.
-11
-30 - (-18 - -3) - -8
-7
Evaluate 1 - (1 + (-2 - -9)) - -8 - 16.
-15
Calculate -6 + (-10 + -6 - (-19 + 8 - -2)).
-13
-6 - -13 - 10 - (-17 - -2)
12
What is the value of -1 + -24 - (708 - 709)?
-24
Evaluate -7 + 5 + -2 + -1 + -10.
-15
(2 - (-7 + 9)) + (12 - 17)
-5
Evaluate -17 + -22 + 11 + 32.
4
Calculate 19 + -1 - (296 - 288) - (1 + 18).
-9
15 + (-13 + -6 - (-17 - -12))
1
What is the value of 18 - (-3 + 5 + (41 - 3))?
-22
Calculate -6 + 2 + (9 - (20 + -5) - -8).
-2
What is (1 + 16 - (-170 + 181)) + 21?
27
What is -28 + -1 + (124 - 111)?
-16
Evaluate (4 + -7 - -7) + (104 - 125).
-17
Calculate -6 - -6 - (0 + 7) - (1 - 2).
-6
What is (7 - -8) + (-5 - -6)?
16
What is the value of 10 + (5 - (1 - -4)) - 1?
9
Evaluate -23 + (-7 - -3) + (3 - 1) + 9.
-16
Calculate -12 + (0 - -3) - (-29 - 1 - -36).
-15
Calculate 12 + (-15 - -4) + -1 + (2 - -4).
6
Calculate -19 - (-35 - -40 - 22).
-2
Evaluate -27 - (-13 - -5 - (-15 + 15)).
-19
Calculate 2152 - 2130 - (-1 - -51).
-28
Calculate 6 + (0 - 3) - (11 + -3) - -1.
-4
Evaluate 14 - -1 - (46 - 20 - 31).
20
What is the value of 378 - 362 - (10 + 1 - 3)?
8
Evaluate (56 - 39) + (-8 - (0 + -1)) + 9.
19
Evaluate (4 - 0) + (-8 + 3 - 0 - -2).
1
Calculate 3 + 1 + (-30 + 14 - 3).
-15
Calculate 1 + 13 + (-70 - -57).
1
What is the value of -1 - (2 - (-2 - 2)) - (-22 + 25)?
-10
Calculate (16 - 13) + 13 - 20.
-4
What is -42 - (14 - 13 - 32)?
-11
What is -254 + 223 - (-37 + 2)?
4
What is the value of (-8 - -10 - (8 - -1)) + -1?
-8
(4 - 15) + 66 + -55
0
Evaluate 77 + -63 - ((3 - 3) + -1).
15
Evaluate 12 - ((1 - 9) + 5 + 9).
6
Calculate (-33 - (-35 + -8)) + (-13 - -1) + -3.
-5
19 - 7 - (7 - -1)
4
What is (-4 - 1) + 94 + -91?
-2
Calculate -22 - 21 - 13 - -36.
-20
Evaluate -12 + 25 - (3 + (-7 - -7)).
10
What is the value of -1 - (-5 - 0) - (-1 - (6 - 23))?
-12
What is 0 + 6 - (-84 - -76)?
14
-28 + 22 + -4 + 2 + 27
19
5 + (-23 - (-9 + 1 - 0)) + 11
1
(-25 - (-42 + 25)) + (-1 - 2)
-11
Calculate -37 + (24 - -18) - 0.
5
What is the value of (3093 - 3103) + 1 + (0 - -18)?
9
What is 25 + (8 - (7 - 3) - 6)?
23
Evaluate 12 + -10 + (7 - 1) - 15.
-7
What is -23 - (-58 + -21 + 36)?
20
1 + 8 + -22 - -14
1
What is the value of -30 - -20 - (8 - -7)?
-25
(4 + -1 - (0 + -8)) + -18
-7
Calculate -1 + 15 - (-1 + -4 + 0 + 11).
8
Evaluate (3 - (4 - 3)) + (11 + -11 - 1).
1
Calculate -16 + 7 + -3 + 51 + -17.
22
What is (-23 + 19 - -12) + (-1 - 0)?
7
Calculate -17 + (-12 - ((-9 - -4) + -5) - -2).
-17
What is 32 + (-8 - 12) + -12?
0
What is the value of 2 + (-2 - -2) - (2